or of 160 and 120.
40
What is the greatest common factor of 4 and 652?
4
Calculate the highest common factor of 34 and 850.
34
Calculate the highest common factor of 18023 and 269.
269
Calculate the highest common divisor of 18 and 162.
18
Calculate the greatest common divisor of 10791 and 198.
99
Calculate the greatest common divisor of 3 and 579.
3
What is the greatest common factor of 55995 and 15?
15
Calculate the highest common divisor of 54 and 10773.
27
What is the highest common divisor of 460 and 20?
20
Calculate the highest common factor of 198 and 1914.
66
What is the highest common factor of 43 and 301?
43
What is the greatest common divisor of 837 and 48?
3
What is the highest common factor of 168 and 168?
168
Calculate the highest common divisor of 20352 and 512.
128
What is the highest common factor of 400 and 1880?
40
What is the highest common divisor of 1768 and 221?
221
What is the greatest common factor of 84 and 948?
12
Calculate the greatest common factor of 1261 and 13.
13
What is the highest common divisor of 2242 and 418?
38
Calculate the highest common divisor of 506 and 154.
22
What is the highest common divisor of 48 and 216?
24
What is the highest common factor of 730 and 10?
10
What is the highest common factor of 252 and 2?
2
Calculate the greatest common divisor of 190 and 90.
10
Calculate the highest common divisor of 228 and 24.
12
Calculate the highest common factor of 4752 and 96.
48
Calculate the greatest common factor of 5772 and 37.
37
Calculate the highest common factor of 126 and 5130.
18
What is the greatest common divisor of 82 and 1394?
82
What is the highest common divisor of 158 and 18?
2
What is the greatest common divisor of 192 and 1308?
12
What is the highest common factor of 1568 and 304?
16
Calculate the highest common factor of 39 and 182.
13
Calculate the highest common divisor of 159 and 6.
3
Calculate the highest common factor of 12145 and 35.
35
Calculate the highest common factor of 6208 and 64.
64
Calculate the highest common divisor of 39 and 3.
3
What is the greatest common divisor of 55 and 5555?
55
Calculate the highest common divisor of 363 and 15.
3
Calculate the greatest common factor of 12 and 5550.
6
What is the highest common factor of 7 and 1043?
7
What is the greatest common divisor of 135 and 108?
27
What is the greatest common divisor of 27 and 180?
9
Calculate the highest common factor of 13082 and 62.
62
Calculate the greatest common factor of 684 and 627.
57
Calculate the highest common divisor of 113 and 2147.
113
Calculate the highest common factor of 176 and 11.
11
Calculate the greatest common divisor of 72 and 234.
18
What is the greatest common divisor of 512 and 128?
128
What is the highest common factor of 1547 and 210?
7
What is the greatest common factor of 819 and 1521?
117
Calculate the greatest common factor of 65 and 45955.
65
What is the highest common divisor of 98 and 3675?
49
What is the highest common divisor of 462 and 126?
42
Calculate the highest common factor of 374 and 102.
34
Calculate the greatest common factor of 451 and 246.
41
What is the greatest common factor of 10444 and 84?
28
What is the greatest common divisor of 27300 and 140?
140
What is the greatest common divisor of 29568 and 128?
128
What is the highest common factor of 120 and 744?
24
Calculate the greatest common divisor of 11 and 48719.
11
Calculate the highest common factor of 1711 and 58.
29
What is the highest common divisor of 98 and 511?
7
Calculate the highest common factor of 159 and 180.
3
Calculate the greatest common divisor of 243 and 3.
3
Calculate the highest common divisor of 6 and 152.
2
What is the greatest common factor of 2796 and 12?
12
Calculate the greatest common divisor of 663 and 507.
39
What is the greatest common factor of 20 and 150?
10
What is the highest common divisor of 23 and 667?
23
What is the greatest common factor of 51 and 85?
17
Calculate the highest common factor of 14803 and 655.
131
Calculate the highest common factor of 13 and 16861.
13
What is the greatest common divisor of 357 and 336?
21
Calculate the highest common factor of 4146 and 24.
6
Calculate the highest common divisor of 67 and 4221.
67
What is the greatest common divisor of 100 and 14250?
50
Calculate the highest common factor of 5496 and 40.
8
What is the greatest common divisor of 3510 and 130?
130
What is the greatest common factor of 106 and 36?
2
What is the highest common divisor of 24 and 900?
12
Calculate the highest common divisor of 25 and 4.
1
What is the highest common factor of 171 and 19?
19
What is the greatest common factor of 3396 and 12?
12
What is the greatest common factor of 13104 and 21?
21
Calculate the highest common factor of 576 and 36.
36
Calculate the highest common factor of 6 and 240.
6
What is the highest common divisor of 528 and 7359?
33
What is the greatest common factor of 17 and 442?
17
Calculate the greatest common factor of 364 and 56.
28
What is the highest common divisor of 1248 and 39?
39
Calculate the greatest common divisor of 255 and 3621.
51
What is the greatest common factor of 40 and 23260?
20
What is the greatest common factor of 13 and 2119?
13
What is the highest common divisor of 93 and 186?
93
Calculate the highest common factor of 190 and 6517.
19
Calculate the highest common factor of 189 and 147.
21
What is the greatest common factor of 55 and 15?
5
Calculate the highest common divisor of 36 and 1116.
36
Calculate the highest common factor of 13488 and 8.
8
What is the greatest common factor of 104 and 184?
8
What is the highest common factor of 660 and 12?
12
What is the highest common factor of 35 and 91?
7
What is the greatest common factor of 640 and 800?
160
What is the highest common divisor of 361 and 475?
19
What is the greatest common factor of 4347 and 644?
161
Calculate the highest common divisor of 154 and 110.
22
Calculate the greatest common factor of 3 and 301.
1
Calculate the highest common divisor of 50 and 280.
10
What is the greatest common divisor of 60 and 516?
12
Calculate the highest common divisor of 104 and 248.
8
What is the highest common divisor of 39985 and 5?
5
What is the highest common factor of 92 and 648?
4
What is the highest common factor of 216 and 48?
24
What is the highest common divisor of 110 and 30?
10
What is the greatest common factor of 228 and 96?
12
What is the highest common divisor of 393 and 12?
3
Calculate the highest common divisor of 155 and 23405.
155
Calculate the greatest common divisor of 26 and 52.
26
What is the highest common factor of 8 and 218?
2
What is the greatest common factor of 1 and 151?
1
What is the highest common factor of 500 and 125?
125
Calculate the highest common divisor of 17 and 119.
17
Calculate the highest common factor of 15 and 5.
5
Calculate the highest common divisor of 48 and 384.
48
What is the highest common divisor of 2196 and 36?
36
What is the highest common factor of 322 and 46?
46
What is the highest common divisor of 8658 and 702?
234
Calculate the greatest common factor of 190 and 16910.
190
Calculate the highest common divisor of 708 and 816.
12
What is the highest common factor of 442 and 26?
26
What is the greatest common divisor of 42 and 5187?
21
Calculate the highest common divisor of 8 and 636.
4
Calculate the highest common divisor of 12 and 1092.
12
Calculate the greatest common factor of 23 and 575.
23
What is the highest common divisor of 183 and 183?
183
Calculate the greatest common divisor of 12 and 44.
4
Calculate the greatest common divisor of 7480 and 68.
68
Calculate the highest common divisor of 42 and 98.
14
Calculate the greatest common divisor of 22 and 7733.
11
Calculate the greatest common factor of 168 and 120.
24
Calculate the greatest common divisor of 33 and 627.
33
What is the highest common factor of 1 and 1218?
1
Calculate the highest common factor of 434 and 28.
14
What is the greatest common divisor of 96 and 3096?
24
What is the highest common factor of 116 and 9802?
58
Calculate the greatest common factor of 50 and 700.
50
Calculate the greatest common divisor of 66 and 1606.
22
What is the greatest common divisor of 5505 and 15?
15
What is the highest common factor of 53 and 11342?
53
